q).
6
Let l(o) = -648*o + 317*o - 7*o**2 + 148*o - 12 - 1. What is l(-26)?
13
Let t(v) = 2*v - 10. Let g be t(6). Let j(d) = 3 + g - 9*d + 13*d + 1. Give j(-4).
-10
Let q = 164 + -116. Let b(i) = i**2 + q - 111 - 8*i + 53. What is b(8)?
-10
Let z(l) = l**3 - 16*l**2 - l + 20. Let x be z(16). Let i be (-2)/x*(-37 + 23). Let j(s) = -i*s**2 - 5*s - 2*s**2 + 18*s**2 - 8*s**2 - 1. What is j(6)?
5
Let a(d) = d**2 - 23*d + 22. Let h = -5286 + 5306. What is a(h)?
-38
Let z(j) = -13*j**2 + 25*j - 4. Let y be 162/(-9)*1/(-2). Let f(x) = 3*x**2 - 6*x + 1. Let d(c) = y*f(c) + 2*z(c). What is d(2)?
-3
Let k(v) = 20*v - 3. Suppose -h + 7*h - 10*h = -2*h. Calculate k(h).
-3
Let r(p) = -2 + 95*p - 29*p + 5*p**2 - 29*p + p**3 - 33*p + 1. Calculate r(-4).
-1
Let h(b) = -b**3 + 6*b - 9. Let y be h(2). Let a be ((-48)/10)/(y/50). Let t = a + -53. Let j(w) = w**3 + 4*w**2 - 6*w - 1. Give j(t).
4
Let q(t) be the third derivative of -t**6/120 - t**5/5 + t**4/3 + t**3/2 - 2125*t**2. Calculate q(-12).
-93
Let b(n) = -2*n**2 - n + 4. Let a be b(0). Suppose 7*j - 5*j - 82 = -g, -168 = -a*j - g. Let c = -44 + j. Let s(y) = 8*y**3 - y**2. Calculate s(c).
-9
Let w be (-15 + 8)/((-14)/(-4)). Let z(i) = -i - 3. What is z(w)?
-1
Suppose -2*t = -4*m + 12, -m + 3*m - 2*t = 8. Let v(l) = -88*l**m + 77*l**2 + 10*l**2. Let y be 1*(1 - (4 - 2)). Calculate v(y).
-1
Let r be 5 + 0 + 17650/1. Let p(v) = r + 9*v - v**2 - 17655. Calculate p(9).
0
Let j(b) = 3*b**2 - 59440*b**3 + 10*b**2 + 29716*b**3 + 2*b + 29723*b**3 + 15. Calculate j(13).
41
Let y(o) be the first derivative of -10 - o**2 - o**2 + 3*o**2 - 8*o + 2*o. Give y(9).
12
Let q(j) = 10*j - 26. Let k(c) = -9*c + 27. Let s(z) = 6*k(z) + 5*q(z). Let l be ((-78)/(-533))/(38/1558). Calculate s(l).
8
Let p(j) = j**2 - 5*j - 44. Let q = -6537 + 6550. Determine p(q).
60
Suppose -95 = -2*z + 1. Suppose -264*a + 267*a + 117 = 0. Let s = z + a. Let n(k) = k**3 - 10*k**2 + 9*k - 4. Calculate n(s).
-4
Let o(u) = -u + 7. Let v be o(10). Let q(b) = -7*b - 4. Let t be 2/((-24)/28) - (-3)/9. Let i(k) = -8*k - 4. Let y(x) = t*i(x) + 3*q(x). What is y(v)?
11
Let l(q) = -q - 7. Suppose 3*z + 4*k - 12 = 0, -5*k + 6*k = 2*z - 8. Suppose z = 10*f - 14*f. Let b = 1 + f. Give l(b).
-7
Let t(q) = q**3 - 5*q**2 - 12*q + 66. Let k be t(5). Let y(o) = 9*o - 8. Let m(v) = -v + 2. Let g(d) = k*m(d) + y(d). Give g(-7).
-17
Let y(h) = h**2 + 14*h - 15. Let x be y(1). Suppose 13*i - 154 + 11 = x. Let q(c) = c**3 - 10*c**2 - 15*c + 14. Give q(i).
-30
Let o(b) = 4*b**2 + 31*b + 32. Let t(g) = 42*g - 1855. Let r be t(44). Determine o(r).
11
Let f(h) = 3*h + 75. Let g be f(-21). Let x(t) = 40 + g - 54 + t. Give x(-3).
-5
Suppose 15*h + 42*h + 48*h - 315 = 0. Let n(c) be the first derivative of -2/3*c**3 + 1/2*c**2 - 3*c + 2. Calculate n(h).
-18
Let y(b) = -49 - 123 + b + 116*b + 57 - 3*b**2 + 0*b. Give y(38).
-1
Suppose 14*y - 19*y = -3*v + 15, 5*y - 6*v + 30 = 0. Let l(h) be the third derivative of -4*h**2 + y + 0*h + 1/24*h**4 - 1/6*h**3. What is l(6)?
5
Let a be 839/(-2) - (4 - (-72)/(-16)). Let h = -419 - a. Let t(n) = -4 - 4 + n + 2. Give t(h).
-6
Let y(b) be the second derivative of -b**4/12 - 4*b**3/3 - 9*b**2/2 - b - 10. Let z(a) = -a**3 + 6*a**2 + 22*a - 111. Let n be z(7). Determine y(n).
3
Let d = 504 + -516. Let k(p) = p**3 + 14*p**2 + 22*p - 28. Let z be k(d). Let c(w) = -w**3 - 7*w**2 - 9*w. Calculate c(z).
-12
Suppose -w + 14 = 5*c, -w + 4*c + 8 = 3*w. Suppose -62 = -w*u + 18. Suppose 0*m - 2*g - 1 = 3*m, 5*m - u = g. Let x(d) = 2*d + 2. What is x(m)?
8
Let x(h) = -h - 9. Let z(f) = -f**3 + f**2 + f + 2. Let l be z(0). Suppose -2 = -l*d + 2, k = 4*d - 14. What is x(k)?
-3
Let u(x) = x**2 - 4*x - 2. Suppose -854 = 8*t + 1458. Let j = 293 + t. Calculate u(j).
-2
Let i(d) = d - 8. Let b be i(20). Let k(n) = 10*n**2 - 3*n**2 - n**3 - 10*n - 3 + 6*n**2 - 3*n. What is k(b)?
-15
Let s(v) = -16*v - 37. Let l = 6052 + -6054. Calculate s(l).
-5
Suppose -370*w + 8 = -369*w. Let y(l) be the third derivative of 1/24*l**4 - 1/2*l**3 + 0 - 4*l**2 + 0*l. Calculate y(w).
5
Let u(t) be the second derivative of t**5/20 + 3*t**4/2 - 8*t**3 - 157*t**2/2 + 6545*t. Determine u(-20).
3
Let h(t) = -3*t + 29. Let d(y) = 6*y - 52. Let j(o) = 3*d(o) + 5*h(o). Determine j(-5).
-26
Let z(g) = 14 - 436*g**3 + 437*g**3 - 16 + 8*g - 6*g**2. Calculate z(2).
-2
Let x(r) be the first derivative of -r**5/20 + 5*r**4/12 - r**3/3 - 3*r + 2. Let d(u) be the first derivative of x(u). Let n = 2516 + -2511. Determine d(n).
-10
Let l(t) = -t**3 - 9*t**2 + 16*t + 1. Let y(f) = -2*f**3 - 17*f**2 + 30*f + 2. Suppose 67 - 32 = -5*u. Let q(c) = u*l(c) + 4*y(c). Give q(-6).
-11
Let x(m) be the third derivative of m**4/24 + m**3/2 + 3*m**2 + 392. Let r be 18/42 - (-48)/(-14). Determine x(r).
0
Let v(b) = -b - 2*b + 3 + 0*b. Suppose -3*q - 17 = 5*d, -9*q + 12*q = 41*d + 29. Determine v(q).
15
Let n(k) = -6*k**2 + 2*k - 2. Let c(a) = -a**2 + 6*a + 18. Let x = -14 - -22. Let q be c(x). Suppose 8*f - 4*v = 4*f + 8, 0 = -q*f + v + 4. Determine n(f).
-22
Let o(v) = -14*v - 492. Suppose r - 144 = 4*w, 415*w - 4*r + 121 = 412*w. Determine o(w).
-2
Let s(l) be the first derivative of -l**2/2 - 2*l - 519. Let x = -6 + -42. Let k be (-4)/(-14) - x/(-21). Give s(k).
0
Let n be (-210)/(-45) + 1/3. Let a(q) = -15 + q**2 + 20 - n + 2*q. What is a(-2)?
0
Let z = 11 - 7. Suppose 2*d = -5*h + z - 0, 0 = d + 4*h - 8. Let m(r) be the first derivative of -r**2/2 - 4*r + 2. Determine m(d).
4
Let p(l) be the second derivative of l**4/12 + 13*l**3/3 + 85*l**2 + 25*l - 32. Give p(-9).
17
Let p(h) = -h**3 + 7*h**2 - h + 19. Let c be p(7). Let r(n) = n**3 - 3*n**2 + 9*n**2 - c - 16*n**2 - 10*n. Determine r(11).
-1
Let g(x) be the first derivative of -3*x**2 - 40*x - 1248. What is g(-10)?
20
Let x(n) = -7 - 10*n**2 + 9 - 3*n - 2*n + 11*n**2. Let j(b) = b**2 - 13*b - 12. Let u be j(14). Calculate x(u).
-4
Let w(n) = -n**2 + 10*n - 7. Let l(d) = 2*d**2 - 4*d - 5. Let y be l(-6). Let i = y - 94. Let j be -1 + i + 13 - 0. What is w(j)?
2
Let a(n) = -n**3 + 5*n**2 - 4*n. Let q = -295 - -131. Let h be (-3)/(-6)*q + (-2 - -2). Let f = -78 - h. Determine a(f).
0
Let d be 4/(108/(-405)) + 3/(-3). Let o(m) = 5*m + 5. Determine o(d).
-75
Let z(b) be the third derivative of 1/3*b**4 - b**2 - 13 + 1/60*b**5 + 1/6*b**3 + 0*b. Determine z(-8).
1
Suppose 0 = -3*p + 7*p + 5*f - 15, 3*f - 9 = -p. Let o(s) be the first derivative of -s**2/2 + 21*s + 2. Calculate o(p).
21
Let u(r) = 726*r - 1 - 345*r - 382*r. Let x(c) be the first derivative of c**3/3 + 5*c**2/2 + 3*c - 2. Let o be x(-2). Calculate u(o).
2
Let t(a) be the first derivative of 3/2*a**2 - 2*a + 1/3*a**3 - 60. Calculate t(-3).
-2
Let w(g) = -g**3 - g - 1. Let i(u) = 5*u**3 - 3*u**2 + 5*u + 7. Suppose 17 = -3*k - 4*p - 13, -3*p - 3 = -k. Let r(n) = k*w(n) - i(n). What is r(-2)?
1
Let y(i) = -3*i - 5. Let s be (-117)/52*(58/6 + 1). Let x be ((-7)/3)/(s/(-9) - 3). What is y(x)?
-26
Let j(k) = 11*k**3 + 12*k**2 - 27*k - 16. Let c(m) = -3*m**3 + m**2. Let g(y) = 4*c(y) + j(y). Determine g(14).
-2
Let w be (-6)/8 - (-3)/(-12). Let u(d) = 22*d**3 - 9494*d**2 + 294*d - 295*d + 9493*d**2. Determine u(w).
-22
Let h(n) = -2*n - 3. Let y be h(3). Suppose -24*x = -31*x - 56. Let c be 58/(-18) - 2/y - x. Let t(l) = -l**2 + 6*l. Calculate t(c).
5
Let g(w) = -w - 14. Suppose 4*z + 5 = -5*u, -4*u + 3*z + 33 = 6. Let l be 4/u - ((-43)/(-3) + 0). Give g(l).
-1
Suppose -117 = -8710*c + 8697*c. Let v(m) = 2*m**3 - 15*m**2 - 29*m + 13. Calculate v(c).
-5
Suppose h - 10 + 7 = 0. Suppose -s = -h*o, 0 = -2*s + 3 + 3. Let y(k) = -5*k + 0 - o + 3*k - 2*k**2 + 3*k. Give y(2).
-7
Suppose -178*x = -172*x - 24. Let s(h) = -2*h**2 + 3*h + 8 - 3*h + 2*h - 4 + x*h. Determine s(3).
4
Let j(i) = 12*i + 39. Suppose -7*u - 279 = -167. What is j(u)?
-153
Suppose 12*f = 14*f - 4. Suppose 3*d + f*j + 1 = -12, -5*d + 2*j = 27. Let g(i) = 0*i**2 - 5*i + 2*i**2 + 7 - 3*i**2. Determine g(d).
7
Let i(a) = -a**2 + 9*a - 4. Let c be i(5). Let w = 4140 + -4121. Suppose 5*p + w = -c. Let o(t) = -t**2 - 5*t + 8. Give o(p).
-6
Let g(l) be the second derivative of -l**3/6 + l**2 - l. Let o(t) = 3*t + 139. Let d be o(-16). Suppose -8*x + d - 139 = 0. Determine g(x).
8
Suppose -2*r + 3*r = -4*y - 31, y + r = -10. Let t(j) = 13140 + 